{"id":50,"date":"2022-10-25T07:02:50","date_gmt":"2022-10-25T05:02:50","guid":{"rendered":"https:\/\/www.elektro-rudelbach.de\/wordpress\/?page_id=50"},"modified":"2022-10-26T16:59:47","modified_gmt":"2022-10-26T14:59:47","slug":"internetsicherheit","status":"publish","type":"page","link":"https:\/\/www.elektro-rudelbach.de\/index.php\/internetsicherheit\/","title":{"rendered":"Internetsicherheit"},"content":{"rendered":"\r\n<div class=\"wp-block-columns is-layout-flex wp-container-core-columns-is-layout-9d6595d7 wp-block-columns-is-layout-flex\">\r\n<div class=\"wp-block-column is-layout-flow wp-block-column-is-layout-flow\" style=\"flex-basis: 33.33%;\">\r\n<figure class=\"wp-block-image size-full\"><img loading=\"lazy\" decoding=\"async\" width=\"994\" height=\"592\" class=\"wp-image-38\" src=\"https:\/\/www.elektro-rudelbach.de\/wordpress\/wp-content\/uploads\/2022\/10\/hintergrund-1.jpg\" alt=\"\" srcset=\"https:\/\/www.elektro-rudelbach.de\/wp-content\/uploads\/2022\/10\/hintergrund-1.jpg 994w, https:\/\/www.elektro-rudelbach.de\/wp-content\/uploads\/2022\/10\/hintergrund-1-300x179.jpg 300w, https:\/\/www.elektro-rudelbach.de\/wp-content\/uploads\/2022\/10\/hintergrund-1-768x457.jpg 768w\" sizes=\"auto, (max-width: 994px) 100vw, 994px\" \/><\/figure>\r\n<\/div>\r\n\r\n\r\n\r\n<div class=\"wp-block-column is-layout-flow wp-block-column-is-layout-flow\" style=\"flex-basis: 66.66%;\">\r\n<p><strong>Internetsicherheit<\/strong><br \/><strong>Wie Sie sehen k\u00f6nnen ist, die Seite, auf der Sie surfen https verschl\u00fcsselt. Dieses Verfahren bietet Ihnen maximale Sicherheit. E-Mails, die \u00fcber die entsprechenden Links an uns gesendet werden, k\u00f6nnen von Fremden nicht mitgelesen werden. (Hiermit wird eine wichtige Auflage der DSGVO erf\u00fcllt.)<\/strong><\/p>\r\n\r\n\r\n\r\n<p><strong>Wie Sie sicher wissen, ist das Surfen im Internet nicht ohne RisikoWir lassen unseren Internetauftritt t\u00e4glich auf Angriffe aus dem Internet scannen. <\/strong><\/p>\r\n\r\n\r\n\r\n<p><strong>Angriffe werden somit erkannt und &#8211; das ist besonders wichtig f\u00fcr unsere Kunden- entfernt.Das Surfen auf unserer Seite ist sicher. Sie laufen keine Gefahr, dass Malware und andere Schadsoftware auf Ihre(n) Rechner \u00fcbertragen wird.\u00a0Auch das verstehen wir unter Kundendienst.\u00a0<\/strong><\/p>\r\n\r\n\r\n\r\n<p><strong>Weitere Fragen beantwortet unser Webmaster:\u00a0\u00a0<a href=\"https:\/\/schenck-hattingen.de\/\">https:\/\/schenck-hattingen.de<\/a><\/strong><\/p>\r\n\r\n<a href=\"#\" onclick=\"window.open('https:\/\/www.sitelock.com\/verify.php?site=elektro-rudelbach.de','SiteLock','width=600,height=600,left=160,top=170');\" ><img class=\"img-fluid\" alt=\"SiteLock\" \r\n<\/div>\r\n<\/div>\r\n\r\n\r\n","protected":false},"excerpt":{"rendered":"<p>InternetsicherheitWie Sie sehen k\u00f6nnen ist, die Seite, auf der Sie surfen https verschl\u00fcsselt. Dieses Verfahren bietet Ihnen maximale Sicherheit. E-Mails, die \u00fcber die entsprechenden Links an uns gesendet werden, k\u00f6nnen von Fremden nicht mitgelesen werden. (Hiermit wird eine wichtige Auflage der DSGVO erf\u00fcllt.) Wie Sie sicher wissen, ist das Surfen im Internet nicht ohne RisikoWir [&hellip;]<\/p>\n","protected":false},"author":1,"featured_media":0,"parent":0,"menu_order":0,"comment_status":"closed","ping_status":"closed","template":"","meta":{"footnotes":""},"class_list":["post-50","page","type-page","status-publish","hentry"],"yoast_head":"<!-- This site is optimized with the Yoast SEO plugin v27.4 - https:\/\/yoast.com\/product\/yoast-seo-wordpress\/ -->\n<title>Internetsicherheit - Elektro-Rudelbach<\/title>\n<meta name=\"robots\" content=\"index, follow, max-snippet:-1, max-image-preview:large, max-video-preview:-1\" \/>\n<link rel=\"canonical\" href=\"https:\/\/www.elektro-rudelbach.de\/index.php\/internetsicherheit\/\" \/>\n<meta property=\"og:locale\" content=\"de_DE\" \/>\n<meta property=\"og:type\" content=\"article\" \/>\n<meta property=\"og:title\" content=\"Internetsicherheit - Elektro-Rudelbach\" \/>\n<meta property=\"og:description\" content=\"InternetsicherheitWie Sie sehen k\u00f6nnen ist, die Seite, auf der Sie surfen https verschl\u00fcsselt. Dieses Verfahren bietet Ihnen maximale Sicherheit. E-Mails, die \u00fcber die entsprechenden Links an uns gesendet werden, k\u00f6nnen von Fremden nicht mitgelesen werden. (Hiermit wird eine wichtige Auflage der DSGVO erf\u00fcllt.) Wie Sie sicher wissen, ist das Surfen im Internet nicht ohne RisikoWir [&hellip;]\" \/>\n<meta property=\"og:url\" content=\"https:\/\/www.elektro-rudelbach.de\/index.php\/internetsicherheit\/\" \/>\n<meta property=\"og:site_name\" content=\"Elektro-Rudelbach\" \/>\n<meta property=\"article:modified_time\" content=\"2022-10-26T14:59:47+00:00\" \/>\n<meta property=\"og:image\" content=\"https:\/\/www.elektro-rudelbach.de\/wordpress\/wp-content\/uploads\/2022\/10\/hintergrund-1.jpg\" \/>\n<meta name=\"twitter:card\" content=\"summary_large_image\" \/>\n<meta name=\"twitter:label1\" content=\"Gesch\u00e4tzte Lesezeit\" \/>\n\t<meta name=\"twitter:data1\" content=\"2\u00a0Minuten\" \/>\n<script type=\"application\/ld+json\" class=\"yoast-schema-graph\">{\"@context\":\"https:\\\/\\\/schema.org\",\"@graph\":[{\"@type\":\"WebPage\",\"@id\":\"https:\\\/\\\/www.elektro-rudelbach.de\\\/index.php\\\/internetsicherheit\\\/\",\"url\":\"https:\\\/\\\/www.elektro-rudelbach.de\\\/index.php\\\/internetsicherheit\\\/\",\"name\":\"Internetsicherheit - Elektro-Rudelbach\",\"isPartOf\":{\"@id\":\"https:\\\/\\\/www.elektro-rudelbach.de\\\/#website\"},\"primaryImageOfPage\":{\"@id\":\"https:\\\/\\\/www.elektro-rudelbach.de\\\/index.php\\\/internetsicherheit\\\/#primaryimage\"},\"image\":{\"@id\":\"https:\\\/\\\/www.elektro-rudelbach.de\\\/index.php\\\/internetsicherheit\\\/#primaryimage\"},\"thumbnailUrl\":\"https:\\\/\\\/www.elektro-rudelbach.de\\\/wordpress\\\/wp-content\\\/uploads\\\/2022\\\/10\\\/hintergrund-1.jpg\",\"datePublished\":\"2022-10-25T05:02:50+00:00\",\"dateModified\":\"2022-10-26T14:59:47+00:00\",\"breadcrumb\":{\"@id\":\"https:\\\/\\\/www.elektro-rudelbach.de\\\/index.php\\\/internetsicherheit\\\/#breadcrumb\"},\"inLanguage\":\"de\",\"potentialAction\":[{\"@type\":\"ReadAction\",\"target\":[\"https:\\\/\\\/www.elektro-rudelbach.de\\\/index.php\\\/internetsicherheit\\\/\"]}]},{\"@type\":\"ImageObject\",\"inLanguage\":\"de\",\"@id\":\"https:\\\/\\\/www.elektro-rudelbach.de\\\/index.php\\\/internetsicherheit\\\/#primaryimage\",\"url\":\"https:\\\/\\\/www.elektro-rudelbach.de\\\/wp-content\\\/uploads\\\/2022\\\/10\\\/hintergrund-1.jpg\",\"contentUrl\":\"https:\\\/\\\/www.elektro-rudelbach.de\\\/wp-content\\\/uploads\\\/2022\\\/10\\\/hintergrund-1.jpg\",\"width\":994,\"height\":592},{\"@type\":\"BreadcrumbList\",\"@id\":\"https:\\\/\\\/www.elektro-rudelbach.de\\\/index.php\\\/internetsicherheit\\\/#breadcrumb\",\"itemListElement\":[{\"@type\":\"ListItem\",\"position\":1,\"name\":\"Startseite\",\"item\":\"https:\\\/\\\/www.elektro-rudelbach.de\\\/\"},{\"@type\":\"ListItem\",\"position\":2,\"name\":\"Internetsicherheit\"}]},{\"@type\":\"WebSite\",\"@id\":\"https:\\\/\\\/www.elektro-rudelbach.de\\\/#website\",\"url\":\"https:\\\/\\\/www.elektro-rudelbach.de\\\/\",\"name\":\"Elektro-Rudelbach\",\"description\":\"Eine weitere WordPress-Website\",\"potentialAction\":[{\"@type\":\"SearchAction\",\"target\":{\"@type\":\"EntryPoint\",\"urlTemplate\":\"https:\\\/\\\/www.elektro-rudelbach.de\\\/?s={search_term_string}\"},\"query-input\":{\"@type\":\"PropertyValueSpecification\",\"valueRequired\":true,\"valueName\":\"search_term_string\"}}],\"inLanguage\":\"de\"}]}<\/script>\n<!-- \/ Yoast SEO plugin. -->","yoast_head_json":{"title":"Internetsicherheit - Elektro-Rudelbach","robots":{"index":"index","follow":"follow","max-snippet":"max-snippet:-1","max-image-preview":"max-image-preview:large","max-video-preview":"max-video-preview:-1"},"canonical":"https:\/\/www.elektro-rudelbach.de\/index.php\/internetsicherheit\/","og_locale":"de_DE","og_type":"article","og_title":"Internetsicherheit - Elektro-Rudelbach","og_description":"InternetsicherheitWie Sie sehen k\u00f6nnen ist, die Seite, auf der Sie surfen https verschl\u00fcsselt. Dieses Verfahren bietet Ihnen maximale Sicherheit. E-Mails, die \u00fcber die entsprechenden Links an uns gesendet werden, k\u00f6nnen von Fremden nicht mitgelesen werden. (Hiermit wird eine wichtige Auflage der DSGVO erf\u00fcllt.) Wie Sie sicher wissen, ist das Surfen im Internet nicht ohne RisikoWir [&hellip;]","og_url":"https:\/\/www.elektro-rudelbach.de\/index.php\/internetsicherheit\/","og_site_name":"Elektro-Rudelbach","article_modified_time":"2022-10-26T14:59:47+00:00","og_image":[{"url":"https:\/\/www.elektro-rudelbach.de\/wordpress\/wp-content\/uploads\/2022\/10\/hintergrund-1.jpg","type":"","width":"","height":""}],"twitter_card":"summary_large_image","twitter_misc":{"Gesch\u00e4tzte Lesezeit":"2\u00a0Minuten"},"schema":{"@context":"https:\/\/schema.org","@graph":[{"@type":"WebPage","@id":"https:\/\/www.elektro-rudelbach.de\/index.php\/internetsicherheit\/","url":"https:\/\/www.elektro-rudelbach.de\/index.php\/internetsicherheit\/","name":"Internetsicherheit - Elektro-Rudelbach","isPartOf":{"@id":"https:\/\/www.elektro-rudelbach.de\/#website"},"primaryImageOfPage":{"@id":"https:\/\/www.elektro-rudelbach.de\/index.php\/internetsicherheit\/#primaryimage"},"image":{"@id":"https:\/\/www.elektro-rudelbach.de\/index.php\/internetsicherheit\/#primaryimage"},"thumbnailUrl":"https:\/\/www.elektro-rudelbach.de\/wordpress\/wp-content\/uploads\/2022\/10\/hintergrund-1.jpg","datePublished":"2022-10-25T05:02:50+00:00","dateModified":"2022-10-26T14:59:47+00:00","breadcrumb":{"@id":"https:\/\/www.elektro-rudelbach.de\/index.php\/internetsicherheit\/#breadcrumb"},"inLanguage":"de","potentialAction":[{"@type":"ReadAction","target":["https:\/\/www.elektro-rudelbach.de\/index.php\/internetsicherheit\/"]}]},{"@type":"ImageObject","inLanguage":"de","@id":"https:\/\/www.elektro-rudelbach.de\/index.php\/internetsicherheit\/#primaryimage","url":"https:\/\/www.elektro-rudelbach.de\/wp-content\/uploads\/2022\/10\/hintergrund-1.jpg","contentUrl":"https:\/\/www.elektro-rudelbach.de\/wp-content\/uploads\/2022\/10\/hintergrund-1.jpg","width":994,"height":592},{"@type":"BreadcrumbList","@id":"https:\/\/www.elektro-rudelbach.de\/index.php\/internetsicherheit\/#breadcrumb","itemListElement":[{"@type":"ListItem","position":1,"name":"Startseite","item":"https:\/\/www.elektro-rudelbach.de\/"},{"@type":"ListItem","position":2,"name":"Internetsicherheit"}]},{"@type":"WebSite","@id":"https:\/\/www.elektro-rudelbach.de\/#website","url":"https:\/\/www.elektro-rudelbach.de\/","name":"Elektro-Rudelbach","description":"Eine weitere WordPress-Website","potentialAction":[{"@type":"SearchAction","target":{"@type":"EntryPoint","urlTemplate":"https:\/\/www.elektro-rudelbach.de\/?s={search_term_string}"},"query-input":{"@type":"PropertyValueSpecification","valueRequired":true,"valueName":"search_term_string"}}],"inLanguage":"de"}]}},"_links":{"self":[{"href":"https:\/\/www.elektro-rudelbach.de\/index.php\/wp-json\/wp\/v2\/pages\/50","targetHints":{"allow":["GET"]}}],"collection":[{"href":"https:\/\/www.elektro-rudelbach.de\/index.php\/wp-json\/wp\/v2\/pages"}],"about":[{"href":"https:\/\/www.elektro-rudelbach.de\/index.php\/wp-json\/wp\/v2\/types\/page"}],"author":[{"embeddable":true,"href":"https:\/\/www.elektro-rudelbach.de\/index.php\/wp-json\/wp\/v2\/users\/1"}],"replies":[{"embeddable":true,"href":"https:\/\/www.elektro-rudelbach.de\/index.php\/wp-json\/wp\/v2\/comments?post=50"}],"version-history":[{"count":6,"href":"https:\/\/www.elektro-rudelbach.de\/index.php\/wp-json\/wp\/v2\/pages\/50\/revisions"}],"predecessor-version":[{"id":103,"href":"https:\/\/www.elektro-rudelbach.de\/index.php\/wp-json\/wp\/v2\/pages\/50\/revisions\/103"}],"wp:attachment":[{"href":"https:\/\/www.elektro-rudelbach.de\/index.php\/wp-json\/wp\/v2\/media?parent=50"}],"curies":[{"name":"wp","href":"https:\/\/api.w.org\/{rel}","templated":true}]}}